 of u and m.
19
Suppose 4*x - 4*i = -17 + 101, -4*i = 4*x - 60. Suppose 0 = -2*y - 3*m + 1, -3*y - 4 = -6*y - 2*m. Calculate the highest common divisor of y and x.
2
Suppose -4*s - 2 + 6 = 0. Calculate the highest common factor of s and 9.
1
Suppose -17 = -4*i + 7. Suppose -i + 3 = -v. What is the greatest common factor of v and 3?
3
Suppose s = 6*s - 2*u - 34, 5*u = 5*s - 25. What is the greatest common factor of s and 8?
8
Let c = -18 - -15. Let f be (5 - 4)/(c/(-240)). Calculate the highest common factor of 16 and f.
16
Let i = -2 - -3. Suppose 3*v = -4*f + i, -3 = f - 3*f - v. Suppose -12 = f*o, -5*b + 66 = 5*o - 2*o. What is the greatest common factor of b and 105?
15
Let j(d) = d**2 - d - 3. Let m be j(4). Let g be (0 - -1)/((-2)/(-2)). Calculate the greatest common divisor of m and g.
1
Suppose 4*h - 40 + 4 = 0. Let f = 10 + h. What is the highest common factor of 152 and f?
19
Suppose 109 = 3*d + 2*o, 5*o = d - 0*o - 8. Calculate the highest common factor of d and 3.
3
Let d(z) = -111*z + 2. Let t be d(-2). Calculate the greatest common factor of t and 28.
28
Let k(s) = -3*s**3 - 3*s**2 - 2*s. Let b be k(-1). Calculate the greatest common factor of b and 3.
1
Suppose -5*r + 6 = -4. Suppose -h - 2*n - 16 = -r*h, 2*n - 4 = 0. Let p be 0/(-3) + (161 - 1). What is the greatest common factor of p and h?
20
Let j(y) = -y**2 + y + 6. Let t be j(-6). Let q = 65 + t. What is the greatest common factor of 58 and q?
29
Let y(s) = s**3 + 11*s**2 - 22*s - 14. Let m be y(-11). Calculate the highest common factor of m and 12.
12
Suppose 97 + 79 = 4*t. Suppose 5*m = -5*j + 45, -4*m + 4*j + 0*j + t = 0. Calculate the greatest common factor of 2 and m.
2
Let f(d) = -d**2 - 8*d - 4. Let o be f(-5). Let b = o + -15. Let l be (-2 - 0)*18/b. Calculate the greatest common divisor of l and 36.
9
Let z = 11 + -9. Suppose 3 = -3*m + 3*y, -y + 20 = 5*m - 5. Suppose -3*h + 4 + m = -v, 21 = h - 4*v. What is the greatest common factor of z and h?
1
Suppose m + 4*m + a - 146 = 0, 0 = 5*a - 5. Let c = 55 - m. What is the highest common factor of c and 130?
26
Let l(w) = 38*w**2 + w. Let h be l(1). Let p = h - 24. Calculate the highest common factor of p and 105.
15
Let x = 8 - -10. Suppose 60 = a + 4*a. What is the highest common factor of a and x?
6
Let o(d) = -2*d**2 - 12*d - 6. Let f be o(-5). Let t(v) = 25*v - 4. Let r be t(f). Calculate the greatest common factor of r and 12.
12
Suppose 3*d = 5*n + 26, -5*d = -n - n - 56. What is the highest common factor of d and 108?
12
Let c(v) = -v - 3. Let f be c(0). Let j = f + 7. Calculate the highest common factor of 4 and j.
4
Let v(u) = 244*u**3 - 3*u + 2. Let q be v(1). What is the greatest common divisor of 27 and q?
27
Let q be 7/(7/(-4)) + 12. What is the greatest common factor of 12 and q?
4
Let q(a) = -4*a + 5. Let f be q(-4). Let x = -12 + f. What is the greatest common factor of x and 72?
9
Suppose -3*w + 6 = -2*y + y, 2*w - 11 = 3*y. Calculate the highest common divisor of w and 1.
1
Let w = -16 - -36. Suppose 0 = -w*c + 21*c - 22. Calculate the greatest common divisor of c and 110.
22
Suppose -6 = 2*o - 2. Let t = o + 12. Let q = 94 - t. Calculate the highest common divisor of 12 and q.
12
Let x(d) = -d**3 + 13*d**2 + 16*d - 3. Let b be x(14). What is the highest common factor of 10 and b?
5
Let p(n) = n**2 - 1. Let t be p(2). Suppose -t*b = b - 12. Calculate the greatest common factor of 27 and b.
3
Let q(c) = -10*c**3 - 2*c**2 + 2*c. Let p be q(-2). Suppose 2*v = -2*v + 68. What is the greatest common factor of v and p?
17
Suppose -4*v = 4*c - 260, 0*c + 288 = 4*v - 3*c. Let s = -29 + v. Calculate the greatest common factor of 100 and s.
20
Suppose 5*m - 92 = -u, 0*m + 2*u - 13 = -m. Calculate the greatest common factor of 209 and m.
19
Suppose -4*p + 4 = 4*v, p - 5*v + 2 = 15. Suppose 12 = -p*n + 60. Let r(c) = 63*c**2 + 1. Let u be r(-1). Calculate the greatest common factor of n and u.
16
Let s be 3/(-2 - (-273)/132). Let u be 5 - (0 + 2 - 1). Calculate the greatest common factor of s and u.
4
Let s = -12 + 19. Calculate the highest common divisor of 7 and s.
7
Suppose 4*w - 64 = -4*g, 0 = g - 2*g + w + 10. Let y(a) = -3*a - 10. Let n be y(-4). Let d be (208/(-4)*-1)/n. Calculate the greatest common factor of g and d.
13
Suppose 59 - 57 = q. Suppose 25 - 7 = 2*w. Let o be (-317)/(-9) - q/w. Calculate the greatest common divisor of o and 7.
7
Let u(g) = g + 13. Let l be u(-10). Suppose p - 46 = -3*p - l*x, -5*x = -10. Calculate the highest common divisor of p and 5.
5
Let l be (-20)/70 - (-116)/14. Suppose -g = 5*u - 20, 4*g = 2*u - l - 22. Let y(v) = 19*v - 3. Let m be y(2). Calculate the greatest common factor of u and m.
5
Let a(m) = 2*m**2 + 2*m - 4. Let g be a(-4). Suppose -11*k + 2*k + 1440 = 0. Calculate the greatest common divisor of g and k.
20
Let u be -76*(55/(-20))/11. What is the greatest common factor of u and 76?
19
Let p = 1 - 6. Let y = 9 + p. Calculate the highest common divisor of y and 1.
1
Suppose -m - 25 = -2*k, k - 3*m - 4 = 1. Suppose -290 = -4*o + 2*b, 3*b = -b - 20. Calculate the highest common factor of k and o.
14
Suppose 0*y - 2*f - 54 = -y, -117 = -3*y - 3*f. Suppose 5*h = -25, y = -x + h + 4*h. Let k = x + 213. What is the highest common divisor of 18 and k?
18
Let q(z) be the third derivative of 11*z**6/120 - z**5/60 + z**4/24 + 2*z**2. Let w be q(1). Calculate the highest common divisor of w and 1.
1
Let v(n) = n**2 + 2*n - 1. Let p be v(2). Suppose 0 = p*x - 3*x - 72. What is the greatest common factor of 162 and x?
18
Let c(g) = -g**3 + 7*g**2 - 5*g - 3. Let x be c(6). Suppose -5*n + 14 = x*d, 4*n = -0*d + d + 18. Calculate the greatest common divisor of n and 1.
1
Let y be ((-2)/1)/2*1*-27. Calculate the highest common factor of 9 and y.
9
Suppose 0 = 2*b - 5*n + 20, 2*n - 8 = b - 5*b. Let o be (-24)/(-11) - (-2)/(-11). Suppose t - o = -b*t. What is the highest common divisor of t and 8?
2
Let t = 6 - -3. Let p be t - 1*0/(-3). Calculate the greatest common divisor of 63 and p.
9
Suppose 134 = y + 2*q, -172 = -2*y + q + 86. What is the greatest common factor of 26 and y?
26
Suppose 12 = 5*i - 28. Let k = -71 + 135. Calculate the highest common divisor of k and i.
8
Suppose 3*t = 6*t + 135. Suppose -11*i + 10*i - 1 = 0. Let s be t/10*(i + -15). Calculate the highest common factor of 8 and s.
8
Suppose 2 + 2 = -i. Let k(t) = -t**2 - 7*t - 5. Let y be k(i). Suppose 5*h - 75 = 65. Calculate the greatest common divisor of y and h.
7
Let n(f) = -3*f**2 - 18*f + 21. Let m(c) = 2*c**2 + 9*c - 11. Let y(h) = -5*m(h) - 3*n(h). Let g be y(7). Calculate the greatest common factor of g and 66.
6
Let x be (-12)/16*(-2 + -2). What is the greatest common divisor of x and 27?
3
Suppose 29 = 4*l - 75. Let s = 149 + -87. Let p = s - 23. What is the highest common divisor of p and l?
13
Let l = 46 + -26. Suppose 300 = 14*a - 9*a. Calculate the greatest common divisor of a and l.
20
Let m be (-33)/9 + 3 - 87/(-9). Calculate the greatest common divisor of m and 81.
9
Let a be ((-2)/5)/(2/(-540)). Let o be 1 + 0 + 2 + -1. Let s be (o/4)/(4/96). What is the highest common factor of s and a?
12
Let m(q) = 2*q**2 + 2. Let k be m(-7). Let g = k - 52. Calculate the highest common factor of 72 and g.
24
Suppose -l + 5*k + 25 = 0, l + 3 + 2 = -k. Let j(h) = h + 2. Let z be j(l). What is the highest common divisor of 10 and z?
2
Let r(l) = 7*l**2 - 2*l**2 + 1 + 1 + l**3. Let i be r(-4). Let t = 8 - 2. What is the greatest common divisor of t and i?
6
Let n(u) = -4 - 108*u - 3 + 6. Let s be n(-1). Suppose 0 = 3*z + 5*y - s, y = 2*z - 39 - 41. What is the highest common factor of z and 13?
13
Suppose p = w + 38, -3*p + 4*w - 48 = -4*p. Let y(b) = -b - 6. Let g be y(-6). Let u be g + 2 + (-8)/(-1). What is the greatest common factor of u and p?
10
Let n be (40/(-6))/(-6*3/27). What is the greatest common factor of 10 and n?
10
Suppose -2*o - 58 = -292. Calculate the highest common factor of 9 and o.
9
Suppose 4*f + 16 = 0, 3*f - f = -5*l + 62. Let a(t) = -t**3 + 10*t**2 - 9*t. Let y be a(8). Calculate the highest common divisor of y and l.
14
Let x be (3 - 0)/(6/2). What is the highest common divisor of x and 2?
1
Let b = -89 + 145. What is the greatest common divisor of 8 and b?
8
Let d(g) = g + 2